{"id":401,"date":"2017-04-17T12:25:01","date_gmt":"2017-04-17T12:25:01","guid":{"rendered":"http:\/\/jucunda-juechen.de\/?page_id=401"},"modified":"2017-04-19T10:38:25","modified_gmt":"2017-04-19T10:38:25","slug":"versandarten","status":"publish","type":"page","link":"http:\/\/jucunda-juechen.de\/?page_id=401","title":{"rendered":"Versandkosten"},"content":{"rendered":"<div>Alle Preise verstehen sich inkl. der gesetzl. Mehrwertsteuer.<br \/>\nF\u00fcr jede Bestellung wird eine Versandkostenpauschale erhoben.<br \/>\nDie Versandkostenpauschale betr\u00e4gt innerhalb Deutschlands 4,50 \u20ac incl. Mwst.<\/div>\n<div>Eilzustellungen f\u00fcr Bestellungen an Werktagen bis 12.00 Uhr sind unter Zahlung von Expresskosten per Expressversand bis zum n\u00e4chsten Werktag m\u00f6glich.<\/div>\n<div>Die Kosten f\u00fcr Eil- oder Kurierzustellungen werden gesondert in Rechnung gestellt.<\/div>\n<div>Wenn Sie eine Offline-Bestellung bevorzugen, dann richten Sie Ihre Bestellung bitte an folgende Adresse:<\/div>\n<div><\/div>\n<div>humann medien<br \/>\nBirkenstra\u00dfe 5<br \/>\n41363 J\u00fcchen<\/div>\n<div><\/div>\n<div>Zu jedem Artikel wird die Verf\u00fcgbarkeit in Form angezeigt:<\/div>\n<div>&#8211; gr\u00fcn = Der Artikel ist auf Lager und kann sofort geliefert werden<\/div>\n<div>&#8211; rot = nicht lieferbar &#8211; der Artikel ist momentan nicht lieferbar oder wird nachgeliefert, wenn m\u00f6glich.<\/div>\n<div>Bei Lieferverz\u00f6gerungen werden wir Sie umgehend informieren.<\/div>\n","protected":false},"excerpt":{"rendered":"<p>Alle Preise verstehen sich inkl. der gesetzl. Mehrwertsteuer. F\u00fcr jede Bestellung wird eine Versandkostenpauschale erhoben. Die Versandkostenpauschale betr\u00e4gt innerhalb Deutschlands 4,50 \u20ac incl. Mwst. Eilzustellungen<\/p>\n","protected":false},"author":1,"featured_media":0,"parent":0,"menu_order":0,"comment_status":"closed","ping_status":"closed","template":"","meta":{"_crdt_document":"","jetpack_post_was_ever_published":false,"footnotes":""},"class_list":["post-401","page","type-page","status-publish","hentry"],"jetpack_sharing_enabled":true,"jetpack_shortlink":"https:\/\/wp.me\/P7Oer9-6t","jetpack-related-posts":[],"_links":{"self":[{"href":"http:\/\/jucunda-juechen.de\/index.php?rest_route=\/wp\/v2\/pages\/401","targetHints":{"allow":["GET"]}}],"collection":[{"href":"http:\/\/jucunda-juechen.de\/index.php?rest_route=\/wp\/v2\/pages"}],"about":[{"href":"http:\/\/jucunda-juechen.de\/index.php?rest_route=\/wp\/v2\/types\/page"}],"author":[{"embeddable":true,"href":"http:\/\/jucunda-juechen.de\/index.php?rest_route=\/wp\/v2\/users\/1"}],"replies":[{"embeddable":true,"href":"http:\/\/jucunda-juechen.de\/index.php?rest_route=%2Fwp%2Fv2%2Fcomments&post=401"}],"version-history":[{"count":2,"href":"http:\/\/jucunda-juechen.de\/index.php?rest_route=\/wp\/v2\/pages\/401\/revisions"}],"predecessor-version":[{"id":467,"href":"http:\/\/jucunda-juechen.de\/index.php?rest_route=\/wp\/v2\/pages\/401\/revisions\/467"}],"wp:attachment":[{"href":"http:\/\/jucunda-juechen.de\/index.php?rest_route=%2Fwp%2Fv2%2Fmedia&parent=401"}],"curies":[{"name":"wp","href":"https:\/\/api.w.org\/{rel}","templated":true}]}}