{"id":397,"date":"2017-04-17T12:25:01","date_gmt":"2017-04-17T12:25:01","guid":{"rendered":"http:\/\/jucunda-juechen.de\/?page_id=397"},"modified":"2017-04-20T10:04:54","modified_gmt":"2017-04-20T10:04:54","slug":"agb","status":"publish","type":"page","link":"http:\/\/jucunda-juechen.de\/?page_id=397","title":{"rendered":"AGB Shop"},"content":{"rendered":"<div>\n<div>Allgemeine Gesch\u00e4ftsbedingungen Stand: 09. M\u00e4rz 2017<br \/>\n(mit gesetzlichen Informationen)<\/div>\n<div>Inhaltsverzeichnis<\/div>\n<div>1. Geltungsbereich<br \/>\n2. Vertragspartner<br \/>\n3. Angebot und Vertragsabschluss, Selbstbelieferungsvorbehalt<br \/>\n4. Widerrufsrecht<br \/>\n5. Preise<br \/>\n6. Lieferung<br \/>\n7. Zahlung<br \/>\n8. Eigentumsvorbehalt<br \/>\n9.\u00a0Gew\u00e4hrleistung<br \/>\n10. Haftung<br \/>\n11. Datenschutz<br \/>\n12. Streitbeilegung<br \/>\n13. Sonstiges<\/div>\n<div><\/div>\n<div>Allgemeine Gesch\u00e4ftsbedingungen (&#8222;AGB&#8220;)<\/div>\n<div>(Die nachstehenden AGB enthalten zugleich Informationen zu Ihren Rechten nach den Vorschriften \u00fcber Vertr\u00e4ge im Fernabsatz und im elektronischen Gesch\u00e4ftsverkehr.)<\/div>\n<div><\/div>\n<div>1. Geltungsbereich<\/div>\n<div>1. Diese AGB gelten f\u00fcr alle Lieferungen und sonstige Leistungen durch\u00a0humann medien\u00a0an ihre Kunden, unabh\u00e4ngig davon, ob es sich um Verbraucher (wenn Ihre Bestellung \u00fcberwiegend weder Ihrer gewerblichen noch ihrer selbstst\u00e4ndigen beruflichen T\u00e4tigkeit zugeordnet werden kann) handelt.<\/div>\n<div>2. F\u00fcr Warenbestellungen gelten ausschlie\u00dflich die nachfolgenden Allgemeinen Gesch\u00e4ftsbedingungen in ihrer zum Zeitpunkt der Bestellung g\u00fcltigen Fassung. Sie erhalten diese Allgemeinen Gesch\u00e4ftsbedingungen im Rahmen jeder Bestellung \u00fcber das Internet per E-Mail mit der Best\u00e4tigung des Zugangs Ihrer Bestellung zugesandt; Sie k\u00f6nnen sich diesen Text aber auch auf Ihren Computer herunterladen.<\/div>\n<div>2. Vertragspartner<\/div>\n<div>Der Kaufvertrag kommt zustande mit: humann medien, vertreten durch die Gesch\u00e4ftsf\u00fchrerin\u00a0Rosemarie H\u00fcsselmann, Birkenstra\u00dfe 5, 41363 J\u00fcchen.<\/div>\n<div>Sie erreichen unseren Kundendienst f\u00fcr Fragen, Reklamationen und Beanstandungen Mo-Fr: 10 -13 und unter der Telefonnummer 02165-879106, per Fax\u00a002165-879109 sowie per E-Mail unter\u00a0fotos-filme@humann-medien.de<\/div>\n<div>3. Angebot und Vertragsabschluss, Selbstbelieferungsvorbehalt<\/div>\n<div>1. Die Darstellung der Produkte in unserem Web-Shop stellt kein rechtlich bindendes Angebot, sondern eine Aufforderung zur Bestellung dar.<\/div>\n<div>2. Bei Online-Bestellungen \u00fcber den WebShop erfolgt der Vertragsschluss wie folgt:<\/div>\n<div>Sie bestellen in unserem Shop, indem Sie folgende Schritte durchlaufen:<\/div>\n<div>1) Sie legen Artikel durch Klick auf das Warenkorbsymbol in Ihren Warenkorb. Alle Artikel, die Sie im Warenkorb abgelegt haben, k\u00f6nnen Sie einsehen, wenn Sie auf \u201ezur Kasse\u201c klicken. Hier k\u00f6nnen Sie auch Artikel l\u00f6schen oder die Anzahl \u00e4ndern.<\/div>\n<div>2) Wenn Sie die Artikel aus Ihrem Warenkorb kaufen m\u00f6chten, klicken Sie auch auf \u201ezur Kasse\u201c. Damit gelangen Sie zum Bestellvorgang.<\/div>\n<div>3) Im Bestellvorgang geben Sie zun\u00e4chst die gew\u00fcnschte Zahlart und Lieferzeitpunkt an. Bevor Sie Ihre Adressangaben machen, stimmen Sie der Datenschutzerkl\u00e4rung zu.<\/div>\n<div>4) Geben Sie dann Ihre Rechnungs- und Lieferanschrift ein.<\/div>\n<div>5) Bevor Sie Ihre Bestellung absenden, erhalten Sie auf der Kontrollseite den \u00dcberblick \u00fcber alle Daten Ihrer geplanten Bestellung (insbesondere Rechnungs- und Lieferanschrift, Produkt, Preis, Menge, Zahlungsart). Hier werden Sie aufgefordert, die Richtigkeit Ihrer Angaben zu best\u00e4tigen. Sie k\u00f6nnen hier auch Ihre Bestelldaten korrigieren bzw. \u00e4ndern, indem sie \u201eKlicken Sie hier, um die Daten zu korrigieren.\u201c klicken.<\/div>\n<div>6) Best\u00e4tigen Sie die AGB gelesen zu haben und akzeptieren Sie die AGB durch Anklicken des Ankreuzfeldes.<\/div>\n<div>7) Durch Klick auf den Button \u201eKOSTENPFLICHTIG BESTELLEN\u201c senden Sie Ihre Bestellung an uns ab. Damit bieten Sie uns den Abschluss eines Kaufvertrags an.<\/div>\n<div>Die Information \u00fcber den Zeitpunkt des Vertragsschlusses finden Sie im n\u00e4chsten Abschnitt in den AGB.<\/div>\n<div>8) Nach Eingang Ihrer Bestellung erhalten Sie per E-Mail eine Eingangsbest\u00e4tigung Ihrer Bestellung mit Ihren Bestelldaten und diesen AGB. Diese automatische Eingangsbest\u00e4tigung stellt keine Annahmeerkl\u00e4rung dar. Der Vertragsschluss kommt erst mit ausdr\u00fccklicher Annahmeerkl\u00e4rung durch humann medien oder der Lieferung durch humann medienzustande. Die Annahme erfolgt unter dem Vorbehalt der Verf\u00fcgbarkeit der bestellten Ware oder Leistung. Die Erkl\u00e4rung der Annahme durch humann medien gegen\u00fcber dem Kunden ist nicht erforderlich; der Kunde verzichtet insoweit auf diese i.S.v. \u00a7 151 S. 1 BGB. Kann humann medien das Angebot des Kunden nicht annehmen, wird dies dem Kunden mitgeteilt, ansonsten wird die Ware bei Verf\u00fcgbarkeit ausgeliefert.<\/div>\n<div>3. Bei Bestellungen au\u00dferhalb des Internets erfolgt der Vertragsschluss wie folgt: Indem der Kunde eine Bestellung durch \u00dcbersendung eines ordnungsgem\u00e4\u00df ausgef\u00fcllten Bestellscheinformulars an humann medien in Textform aufgibt, gibt er ein Angebot i.S.v. \u00a7 145 BGB ab. Der Vertrag mit humann medien kommt zustande, wenn humann medien das Angebot des Kunden annimmt. Die Annahme erfolgt unter dem Vorbehalt der Verf\u00fcgbarkeit der bestellten Ware oder Leistung. Die Erkl\u00e4rung der Annahme durchhumann medien gegen\u00fcber dem Kunden ist nicht erforderlich; der Kunde verzichtet insoweit auf diese i.S.v. \u00a7 151 S. 1 BGB. Sollte ein Artikel nicht lieferbar sein, verpflichten wir uns, Sie unverz\u00fcglich \u00fcber die Nichtverf\u00fcgbarkeit zu informieren und etwa erhaltene Gegenleistungen unverz\u00fcglich zu erstatten. Es gibt keine Mindestbestellmenge. Es k\u00f6nnen nur ganze Verkaufseinheiten (VKE) (z.B. 5, 10, 25, 50, 100) bestellt werden.<\/div>\n<div>4. Ihre Bestellungen werden bei uns nach Vertragsschluss gespeichert. Sollten Sie Ihre Unterlagen zu Ihren Bestellungen verlieren, wenden Sie sich bitte per E-Mail\/Fax\/Telefon an uns. Wir senden Ihnen eine Kopie der Daten Ihrer Bestellung gerne zu.<\/div>\n<div>5. Haben wir ein kongruentes Deckungsgesch\u00e4ft abgeschlossen und werden wir von unseren Lieferanten mit der von Ihnen bestellten Ware nicht beliefert, steht uns ein R\u00fccktrittsrecht gegen\u00fcber unseren Kunden zu (Selbstbelieferungsvorbehalt). In solchen F\u00e4llen benachrichtigen wir Sie unverz\u00fcglich von der Nichtverf\u00fcgbarkeit der Ware und erstatten Ihnen unverz\u00fcglich etwaige bereits erbrachte Gegenleistungen. Ein R\u00fccktrittsrecht besteht jedoch nicht, wenn wir die Nichtbelieferung zu vertreten haben.<\/div>\n<div>Vorstehendes gilt entsprechend bei nicht richtiger oder nicht rechtzeitiger Belieferung durch unsere Lieferanten. Werden wir nur teilweise von unseren Lieferanten beliefert, sind wir berechtigt, nur wegen des nicht gelieferten Teils zur\u00fcckzutreten.<\/div>\n<div>6. Sofern Ihre Bestellung aus den in Ziffer 3.4 genannten Gr\u00fcnden nicht vollst\u00e4ndig ausgef\u00fchrt werden kann, haben Sie das Recht, Ihre Bestellung zu stornieren. Bitte senden Sie Ihre Stornierung an:<\/div>\n<div>humann medien, Birkenstra\u00dfe 5, 41363 J\u00fcchen..<\/div>\n<div>Faxnummer 02165-879109\u00a0Telefonnummer: 02165-879106, E-Mail:\u00a0Fotos-filme@humann-medien.de<\/div>\n<div>7. Der Vertragsschluss erfolgt ausschlie\u00dflich in deutscher Sprache.<\/div>\n<\/div>\n","protected":false},"excerpt":{"rendered":"<p>Allgemeine Gesch\u00e4ftsbedingungen Stand: 09. M\u00e4rz 2017 (mit gesetzlichen Informationen) Inhaltsverzeichnis 1. Geltungsbereich 2. Vertragspartner 3. Angebot und Vertragsabschluss, Selbstbelieferungsvorbehalt 4. Widerrufsrecht 5. Preise 6. Lieferung<\/p>\n","protected":false},"author":1,"featured_media":0,"parent":0,"menu_order":0,"comment_status":"closed","ping_status":"closed","template":"","meta":{"_crdt_document":"","jetpack_post_was_ever_published":false,"footnotes":""},"class_list":["post-397","page","type-page","status-publish","hentry"],"jetpack_sharing_enabled":true,"jetpack_shortlink":"https:\/\/wp.me\/P7Oer9-6p","jetpack-related-posts":[],"_links":{"self":[{"href":"http:\/\/jucunda-juechen.de\/index.php?rest_route=\/wp\/v2\/pages\/397","targetHints":{"allow":["GET"]}}],"collection":[{"href":"http:\/\/jucunda-juechen.de\/index.php?rest_route=\/wp\/v2\/pages"}],"about":[{"href":"http:\/\/jucunda-juechen.de\/index.php?rest_route=\/wp\/v2\/types\/page"}],"author":[{"embeddable":true,"href":"http:\/\/jucunda-juechen.de\/index.php?rest_route=\/wp\/v2\/users\/1"}],"replies":[{"embeddable":true,"href":"http:\/\/jucunda-juechen.de\/index.php?rest_route=%2Fwp%2Fv2%2Fcomments&post=397"}],"version-history":[{"count":5,"href":"http:\/\/jucunda-juechen.de\/index.php?rest_route=\/wp\/v2\/pages\/397\/revisions"}],"predecessor-version":[{"id":478,"href":"http:\/\/jucunda-juechen.de\/index.php?rest_route=\/wp\/v2\/pages\/397\/revisions\/478"}],"wp:attachment":[{"href":"http:\/\/jucunda-juechen.de\/index.php?rest_route=%2Fwp%2Fv2%2Fmedia&parent=397"}],"curies":[{"name":"wp","href":"https:\/\/api.w.org\/{rel}","templated":true}]}}